divided by 23014563.
14
What is the remainder when 2169476 is divided by 76?
56
What is the remainder when 167868 is divided by 1400?
1268
Calculate the remainder when 25558 is divided by 2559.
2527
Calculate the remainder when 2608725 is divided by 869573.
6
Calculate the remainder when 21613 is divided by 982.
9
What is the remainder when 162397654 is divided by 42?
34
Calculate the remainder when 47330985 is divided by 15.
0
What is the remainder when 8922028 is divided by 48?
28
Calculate the remainder when 25210 is divided by 5768.
2138
Calculate the remainder when 86411 is divided by 392.
171
What is the remainder when 107488 is divided by 1680?
1648
Calculate the remainder when 564651 is divided by 370.
31
What is the remainder when 308878 is divided by 973?
437
What is the remainder when 2788221 is divided by 313?
17
Calculate the remainder when 7832086 is divided by 11318.
30
What is the remainder when 16188106 is divided by 4047012?
58
Calculate the remainder when 2947675 is divided by 189.
31
Calculate the remainder when 19498221 is divided by 1203.
1200
Calculate the remainder when 91128 is divided by 3097.
1315
Calculate the remainder when 3468882 is divided by 2620.
2
Calculate the remainder when 757796 is divided by 126284.
92
Calculate the remainder when 284127785 is divided by 3933.
3932
Calculate the remainder when 2091578 is divided by 174284.
170
Calculate the remainder when 9840653 is divided by 155.
13
Calculate the remainder when 128659 is divided by 289.
54
What is the remainder when 27822717 is divided by 2064?
2061
Calculate the remainder when 39037 is divided by 11826.
3559
Calculate the remainder when 280158 is divided by 66.
54
Calculate the remainder when 2081808 is divided by 509.
507
What is the remainder when 3383411 is divided by 712?
699
What is the remainder when 1173028 is divided by 73?
64
Calculate the remainder when 10433562 is divided by 107.
99
Calculate the remainder when 6993842 is divided by 10517.
37
What is the remainder when 447029 is divided by 13145?
99
Calculate the remainder when 2636286 is divided by 1318125.
36
What is the remainder when 9385225 is divided by 130?
5
What is the remainder when 35433895 is divided by 249?
199
Calculate the remainder when 4531196 is divided by 1132778.
84
Calculate the remainder when 2105800 is divided by 1701.
1663
What is the remainder when 23517 is divided by 11333?
851
What is the remainder when 1906038 is divided by 476506?
14
Calculate the remainder when 5029892 is divided by 15918.
15722
Calculate the remainder when 313737 is divided by 971.
104
What is the remainder when 15953657 is divided by 218543?
18
What is the remainder when 6763034 is divided by 369?
2
Calculate the remainder when 330913 is divided by 41243.
969
Calculate the remainder when 285724 is divided by 32.
28
What is the remainder when 17092436 is divided by 292?
216
Calculate the remainder when 700494 is divided by 1216.
78
Calculate the remainder when 40250 is divided by 766.
418
What is the remainder when 4810405 is divided by 330?
325
What is the remainder when 1407230 is divided by 18?
8
What is the remainder when 15224751 is divided by 333?
324
What is the remainder when 560048 is divided by 918?
68
What is the remainder when 19856605 is divided by 154?
153
What is the remainder when 9801991 is divided by 49?
31
Calculate the remainder when 21729329 is divided by 4732.
4717
Calculate the remainder when 837241 is divided by 735.
76
What is the remainder when 422695 is divided by 497?
245
What is the remainder when 42245 is divided by 1257?
764
Calculate the remainder when 187503706 is divided by 62501228.
22
Calculate the remainder when 18347267 is divided by 66.
59
What is the remainder when 254672 is divided by 63646?
88
Calculate the remainder when 16698030 is divided by 11.
8
What is the remainder when 9644567 is divided by 37?
36
What is the remainder when 1723385 is divided by 114876?
245
Calculate the remainder when 290264 is divided by 16123.
50
What is the remainder when 4529205 is divided by 9?
0
Calculate the remainder when 2481154 is divided by 20850.
4
Calculate the remainder when 2233873 is divided by 185.
183
Calculate the remainder when 57155223 is divided by 476.
475
What is the remainder when 155826 is divided by 303?
84
Calculate the remainder when 72102 is divided by 23947.
261
What is the remainder when 71078058 is divided by 8787?
15
What is the remainder when 279391 is divided by 34920?
31
Calculate the remainder when 35565912 is divided by 231.
228
What is the remainder when 5678549 is divided by 189?
44
What is the remainder when 1296409 is divided by 647849?
711
What is the remainder when 334588510 is divided by 145?
140
What is the remainder when 4031259 is divided by 80?
59
Calculate the remainder when 3567020 is divided by 233.
23
Calculate the remainder when 8136170 is divided by 4068082.
6
Calculate the remainder when 62965 is divided by 62314.
651
Calculate the remainder when 66914980 is divided by 102946.
80
What is the remainder when 16767368 is divided by 2794551?
62
Calculate the remainder when 172061394 is divided by 4834.
4832
What is the remainder when 1247139 is divided by 7515?
7164
Calculate the remainder when 574564 is divided by 3813.
2614
What is the remainder when 5737583 is divided by 47418?
5
What is the remainder when 100158 is divided by 3741?
2892
What is the remainder when 146401 is divided by 1317?
214
Calculate the remainder when 65704 is divided by 1122.
628
What is the remainder when 665567 is divided by 3294?
179
What is the remainder when 67364 is divided by 10147?
6482
Calculate the remainder when 465846 is divided by 6049.
73
What is the remainder when 38078037 is divided by 23?
19
Calculate the remainder when 94118139 is divided by 14.
3
Calculate the remainder when 4524792 is divided by 455.
272
What is the remainder when 330307705 is divided by 64?
57
Calculate the remainder when 159575 is divided by 986.
829
Calculate the remainder when 552067 is divided by 39.
22
What is the remainder when 2141714 is divided by 1070853?
8
What is the remainder when 2053310 is divided by 323?
322
What is the remainder when 87709117 is divided by 1088?
1085
What is the remainder when 9370316 is divided by 4685156?
4
What is the remainder when 641580 is divided by 35?
30
What is the remainder when 2251738 is divided by 77646?
4
Calculate the remainder when 3395432 is divided by 1744.
1608
Calculate the remainder when 2259139 is divided by 3078.
2965
Calculate the remainder when 1300560 is divided by 1478.
1398
What is the remainder when 245431 is divided by 9086?
109
What is the remainder when 57376077 is divided by 90356?
17
Calculate the remainder when 297526 is divided by 2057.
1318
Calculate the remainder when 32341194 is divided by 15.
9
Calculate the remainder when 48791 is divided by 1460.
611
Calculate the remainder when 7183 is divided by 60.
43
Calculate the remainder when 3454752 is divided by 67740.
12
What is the remainder when 312937 is divided by 111?
28
What is the remainder when 2215640 is divided by 553910?
0
What is the remainder when 681852 is divided by 9470?
12
What is the remainder when 211364 is divided by 1073?
1056
Calculate the remainder when 3478047 is divided by 579.
573
What is the remainder when 43896609 is divided by 14632199?
12
What is the remainder when 814624 is divided by 162912?
64
What is the remainder when 13958956 is divided by 1069?
1023
What is the remainder when 629744 is divided by 122?
102
What is the remainder when 1599811 is divided by 58?
55
Calculate the remainder when 57899 is divided by 28936.
27
Calculate the remainder when 2784255 is divided by 5137.
1
Calculate the remainder when 918103 is divided by 740.
503
Calculate the remainder when 99589 is divided by 311.
69
Calculate the remainder when 5372821 is divided by 63.
55
What is the remainder when 4751395 is divided by 118?
7
Calculate the remainder when 7001728 is divided by 25932.
88
What is the remainder when 47245 is divided by 1221?
847
Calculate the remainder when 9561176 is divided by 154.
86
Calculate the remainder when 1391270 is divided by 1020.
1010
Calculate the remainder when 639548 is divided by 2371.
1749
Calcula